{"id":906,"date":"2024-10-24T14:46:22","date_gmt":"2024-10-24T14:46:22","guid":{"rendered":"https:\/\/www.kalax.fi\/?page_id=906"},"modified":"2024-10-24T15:15:00","modified_gmt":"2024-10-24T15:15:00","slug":"arkivet","status":"publish","type":"page","link":"https:\/\/www.kalax.fi\/?page_id=906","title":{"rendered":"Arkivet"},"content":{"rendered":"<p>I Kalax h\u00e5ller vi p\u00e5 bygga upp ett arkiv f\u00f6r allt det som g\u00e4ller byn. H\u00e4r finns protokoll fr\u00e5n St\u00e4mmorna, Samf\u00e4llighetens protokoll osv. Marthornas kvarl\u00e4mnade papper, Jaktf\u00f6reningen papper, protokoll och kartor \u00f6ver d\u00e5 man drog el till byn och mycket annat.<\/p>\n<p>Till arkivet tar vi g\u00e4rna emot allt fr\u00e5n anteckningar och fotografier och kartor och allt s\u00e5dant som kan vara av intresse f\u00f6r byn och byns folk.<\/p>\n<p><img loading=\"lazy\" decoding=\"async\" class=\"size-medium wp-image-911 alignleft\" src=\"https:\/\/www.kalax.fi\/wp-content\/uploads\/2024\/10\/E1187C7D-0FAF-4D01-91EB-37E90AEA35A9_1_201_a-216x300.jpeg\" alt=\"\" width=\"216\" height=\"300\" srcset=\"https:\/\/www.kalax.fi\/wp-content\/uploads\/2024\/10\/E1187C7D-0FAF-4D01-91EB-37E90AEA35A9_1_201_a-216x300.jpeg 216w, https:\/\/www.kalax.fi\/wp-content\/uploads\/2024\/10\/E1187C7D-0FAF-4D01-91EB-37E90AEA35A9_1_201_a-738x1024.jpeg 738w, https:\/\/www.kalax.fi\/wp-content\/uploads\/2024\/10\/E1187C7D-0FAF-4D01-91EB-37E90AEA35A9_1_201_a-768x1066.jpeg 768w, https:\/\/www.kalax.fi\/wp-content\/uploads\/2024\/10\/E1187C7D-0FAF-4D01-91EB-37E90AEA35A9_1_201_a-1107x1536.jpeg 1107w, https:\/\/www.kalax.fi\/wp-content\/uploads\/2024\/10\/E1187C7D-0FAF-4D01-91EB-37E90AEA35A9_1_201_a-1475x2048.jpeg 1475w, https:\/\/www.kalax.fi\/wp-content\/uploads\/2024\/10\/E1187C7D-0FAF-4D01-91EB-37E90AEA35A9_1_201_a-scaled.jpeg 1844w\" sizes=\"auto, (max-width: 216px) 100vw, 216px\" \/><\/p>\n<p>I arkivet finns byakistan med m\u00e5nga gamla kartor \u00f6ver byn och olika delar av byn.<\/p>\n<p>&nbsp;<\/p>\n<p>&nbsp;<\/p>\n<p>&nbsp;<\/p>\n<p>&nbsp;<\/p>\n<p>&nbsp;<\/p>\n<p><img loading=\"lazy\" decoding=\"async\" class=\"size-medium wp-image-912 alignright\" src=\"https:\/\/www.kalax.fi\/wp-content\/uploads\/2024\/10\/9DA99562-137A-4080-B6A2-D5AC038BF597_1_201_a-244x300.jpeg\" alt=\"\" width=\"244\" height=\"300\" srcset=\"https:\/\/www.kalax.fi\/wp-content\/uploads\/2024\/10\/9DA99562-137A-4080-B6A2-D5AC038BF597_1_201_a-244x300.jpeg 244w, https:\/\/www.kalax.fi\/wp-content\/uploads\/2024\/10\/9DA99562-137A-4080-B6A2-D5AC038BF597_1_201_a-832x1024.jpeg 832w, https:\/\/www.kalax.fi\/wp-content\/uploads\/2024\/10\/9DA99562-137A-4080-B6A2-D5AC038BF597_1_201_a-768x946.jpeg 768w, https:\/\/www.kalax.fi\/wp-content\/uploads\/2024\/10\/9DA99562-137A-4080-B6A2-D5AC038BF597_1_201_a-1248x1536.jpeg 1248w, https:\/\/www.kalax.fi\/wp-content\/uploads\/2024\/10\/9DA99562-137A-4080-B6A2-D5AC038BF597_1_201_a-1663x2048.jpeg 1663w\" sizes=\"auto, (max-width: 244px) 100vw, 244px\" \/> <img loading=\"lazy\" decoding=\"async\" class=\"alignnone size-medium wp-image-913\" src=\"https:\/\/www.kalax.fi\/wp-content\/uploads\/2024\/10\/F25A4107-1839-4374-9B05-CF4B6E38F0E4-1.heic\" alt=\"\" width=\"1\" height=\"1\" \/><\/p>\n<p>H\u00e4r finns \u00e4ven skolfotografier fr\u00e5n tidigt 1900-tal tills d\u00e5 skolan upph\u00f6rde och blev dagis.<\/p>\n<p>&nbsp;<\/p>\n<p>&nbsp;<\/p>\n<p>&nbsp;<\/p>\n<p>&nbsp;<\/p>\n<p>&nbsp;<\/p>\n<p>&nbsp;<\/p>\n<p><img loading=\"lazy\" decoding=\"async\" class=\"size-medium wp-image-914 alignleft\" src=\"https:\/\/www.kalax.fi\/wp-content\/uploads\/2024\/10\/F25A4107-1839-4374-9B05-CF4B6E38F0E4_1_201_a-227x300.jpeg\" alt=\"\" width=\"227\" height=\"300\" srcset=\"https:\/\/www.kalax.fi\/wp-content\/uploads\/2024\/10\/F25A4107-1839-4374-9B05-CF4B6E38F0E4_1_201_a-227x300.jpeg 227w, https:\/\/www.kalax.fi\/wp-content\/uploads\/2024\/10\/F25A4107-1839-4374-9B05-CF4B6E38F0E4_1_201_a-773x1024.jpeg 773w, https:\/\/www.kalax.fi\/wp-content\/uploads\/2024\/10\/F25A4107-1839-4374-9B05-CF4B6E38F0E4_1_201_a-768x1017.jpeg 768w, https:\/\/www.kalax.fi\/wp-content\/uploads\/2024\/10\/F25A4107-1839-4374-9B05-CF4B6E38F0E4_1_201_a-1160x1536.jpeg 1160w, https:\/\/www.kalax.fi\/wp-content\/uploads\/2024\/10\/F25A4107-1839-4374-9B05-CF4B6E38F0E4_1_201_a-1546x2048.jpeg 1546w, https:\/\/www.kalax.fi\/wp-content\/uploads\/2024\/10\/F25A4107-1839-4374-9B05-CF4B6E38F0E4_1_201_a-scaled.jpeg 1933w\" sizes=\"auto, (max-width: 227px) 100vw, 227px\" \/>H\u00e4r finns ocks\u00e5 massor med fotografier fr\u00e5n byn i fina album med namn p\u00e5 g\u00e5rdarna och personerna p\u00e5 fotografierna.<\/p>\n","protected":false},"excerpt":{"rendered":"<p>I Kalax h\u00e5ller vi p\u00e5 bygga upp ett arkiv f\u00f6r allt det som g\u00e4ller byn. H\u00e4r finns protokoll fr\u00e5n St\u00e4mmorna, Samf\u00e4llighetens protokoll osv. Marthornas kvarl\u00e4mnade papper, Jaktf\u00f6reningen papper, protokoll och kartor \u00f6ver d\u00e5 man drog el till byn och mycket annat. Till arkivet tar vi g\u00e4rna emot allt fr\u00e5n anteckningar och fotografier och kartor och [&hellip;]<\/p>\n","protected":false},"author":1,"featured_media":0,"parent":0,"menu_order":0,"comment_status":"closed","ping_status":"closed","template":"","meta":{"footnotes":""},"class_list":["post-906","page","type-page","status-publish","hentry","wpbf-post"],"_links":{"self":[{"href":"https:\/\/www.kalax.fi\/index.php?rest_route=\/wp\/v2\/pages\/906","targetHints":{"allow":["GET"]}}],"collection":[{"href":"https:\/\/www.kalax.fi\/index.php?rest_route=\/wp\/v2\/pages"}],"about":[{"href":"https:\/\/www.kalax.fi\/index.php?rest_route=\/wp\/v2\/types\/page"}],"author":[{"embeddable":true,"href":"https:\/\/www.kalax.fi\/index.php?rest_route=\/wp\/v2\/users\/1"}],"replies":[{"embeddable":true,"href":"https:\/\/www.kalax.fi\/index.php?rest_route=%2Fwp%2Fv2%2Fcomments&post=906"}],"version-history":[{"count":3,"href":"https:\/\/www.kalax.fi\/index.php?rest_route=\/wp\/v2\/pages\/906\/revisions"}],"predecessor-version":[{"id":915,"href":"https:\/\/www.kalax.fi\/index.php?rest_route=\/wp\/v2\/pages\/906\/revisions\/915"}],"wp:attachment":[{"href":"https:\/\/www.kalax.fi\/index.php?rest_route=%2Fwp%2Fv2%2Fmedia&parent=906"}],"curies":[{"name":"wp","href":"https:\/\/api.w.org\/{rel}","templated":true}]}}