{"id":483,"date":"2022-06-19T08:52:47","date_gmt":"2022-06-19T08:52:47","guid":{"rendered":"https:\/\/dev.kalax.fi\/?page_id=483"},"modified":"2025-08-30T12:47:51","modified_gmt":"2025-08-30T12:47:51","slug":"1600-talet","status":"publish","type":"page","link":"https:\/\/www.kalax.fi\/?page_id=483","title":{"rendered":"1600-talet"},"content":{"rendered":"<p>N\u00e4r vattnet f\u00f6rsvann f\u00f6ljde b\u00f6nderna och j\u00e4garna efter och h\u00f6ll till i strandkanten. N\u00e4r det blev mer folk i S\u00f6dra Kalax p\u00e5 1600- och 1700-talet flyttade n\u00e5gra torpare till Trombon. Platsen hade d\u00e5 varit utan bebyggelse i omkring 600 \u00e5r.<\/p>\n<p>Precis som p\u00e5 1500-talet s\u00e5 var kalaxborna flitiga att segla p\u00e5 1600-talet, en period med livlig sj\u00f6fart och handel med utlandet. I dessa skutor \u00e4gda av n\u00e5gra b\u00f6nder f\u00f6rde b\u00f6nderna gemensamt sina produkter f\u00f6r f\u00f6rs\u00e4ljning till Sverige och kanske fr\u00e4mst till Stockholm. Varor s\u00e5som ved, tj\u00e4ra, skinn, fisk, och husdjursprodukter var s\u00e5dant som stuvades i b\u00e5ten, n\u00e4r handelsresan antr\u00e4ddes.<\/p>\n<p>Tj\u00e4ra var en g\u00e5ngbar vara inom skeppsbyggnadsindustrin i utlandet och den torde ha producerats flitigt i Kalax. Man har hittat fyra olika platser f\u00f6r tj\u00e4rbr\u00e4nning, en vid \u201ddompin\u201d, \u201dtj\u00e4rdalin\u201d, i S\u00f6rkalax och tre i R\u00e5skogen.<\/p>\n<p>I stadsarkivet kan man l\u00e4sa om hur det var i N\u00e4rpes och Kalax p\u00e5 1600-talet. I Caalax fanns tio b\u00f6nder, 2 husarma (vilket betyder att inte ha det n\u00f6dv\u00e4ndiga f\u00f6r livets upph\u00e4lle, dock utan att g\u00e5 omkring och tigga, utfattig) och 2 \u00f6de.<\/p>\n<p>Orsaken till att man i de olika byarna registrerade \u00f6de hemman, i Kalax 2, var att i b\u00f6rjan av 1600-talet, allts\u00e5 1603 och 1604 s\u00e5 drabbades bygden av en f\u00f6rf\u00e4rlig missv\u00e4xt. Av de 336 hemman som fanns i bygden s\u00e5 l\u00e5g 100 \u00f6de. En stor del av folket dog i hunger eller utvandrade. Dessutom s\u00e5 drabbades man av en ohygglig pestsjukdom som h\u00e4rjade 1603 och som tog d\u00f6d p\u00e5 m\u00e5nga.<\/p>\n<p>Under 1600-talet var skattef\u00f6rh\u00e5llandena ungef\u00e4r likadana som tidigare. Kungen och kyrkan skulle ha sitt och skatteb\u00f6rdan kunde k\u00e4nnas orimligt tung.<\/p>\n<p>(Kalax &#8211; en by i f\u00f6r\u00e4ndring)<\/p>\n<p>Kartan visar var folk bodde i Kalax (och andra st\u00e4llen i N\u00e4rpes) p\u00e5 1600-talet. Kartan \u00e4r fr\u00e5n 1650.<\/p>\n<p><img loading=\"lazy\" decoding=\"async\" class=\" wp-image-981 aligncenter\" src=\"https:\/\/www.kalax.fi\/wp-content\/uploads\/2025\/05\/1C6687BD-A4C8-4A16-9C55-37DC2B16A0C5-225x300.jpeg\" alt=\"\" width=\"471\" height=\"628\" srcset=\"https:\/\/www.kalax.fi\/wp-content\/uploads\/2025\/05\/1C6687BD-A4C8-4A16-9C55-37DC2B16A0C5-225x300.jpeg 225w, https:\/\/www.kalax.fi\/wp-content\/uploads\/2025\/05\/1C6687BD-A4C8-4A16-9C55-37DC2B16A0C5-768x1024.jpeg 768w, https:\/\/www.kalax.fi\/wp-content\/uploads\/2025\/05\/1C6687BD-A4C8-4A16-9C55-37DC2B16A0C5-1152x1536.jpeg 1152w, https:\/\/www.kalax.fi\/wp-content\/uploads\/2025\/05\/1C6687BD-A4C8-4A16-9C55-37DC2B16A0C5.jpeg 1200w\" sizes=\"auto, (max-width: 471px) 100vw, 471px\" \/><\/p>\n<p>&nbsp;<\/p>\n","protected":false},"excerpt":{"rendered":"<p>N\u00e4r vattnet f\u00f6rsvann f\u00f6ljde b\u00f6nderna och j\u00e4garna efter och h\u00f6ll till i strandkanten. N\u00e4r det blev mer folk i S\u00f6dra Kalax p\u00e5 1600- och 1700-talet flyttade n\u00e5gra torpare till Trombon. Platsen hade d\u00e5 varit utan bebyggelse i omkring 600 \u00e5r. Precis som p\u00e5 1500-talet s\u00e5 var kalaxborna flitiga att segla p\u00e5 1600-talet, en period med [&hellip;]<\/p>\n","protected":false},"author":1,"featured_media":0,"parent":0,"menu_order":0,"comment_status":"closed","ping_status":"closed","template":"","meta":{"footnotes":""},"class_list":["post-483","page","type-page","status-publish","hentry","wpbf-post"],"_links":{"self":[{"href":"https:\/\/www.kalax.fi\/index.php?rest_route=\/wp\/v2\/pages\/483","targetHints":{"allow":["GET"]}}],"collection":[{"href":"https:\/\/www.kalax.fi\/index.php?rest_route=\/wp\/v2\/pages"}],"about":[{"href":"https:\/\/www.kalax.fi\/index.php?rest_route=\/wp\/v2\/types\/page"}],"author":[{"embeddable":true,"href":"https:\/\/www.kalax.fi\/index.php?rest_route=\/wp\/v2\/users\/1"}],"replies":[{"embeddable":true,"href":"https:\/\/www.kalax.fi\/index.php?rest_route=%2Fwp%2Fv2%2Fcomments&post=483"}],"version-history":[{"count":4,"href":"https:\/\/www.kalax.fi\/index.php?rest_route=\/wp\/v2\/pages\/483\/revisions"}],"predecessor-version":[{"id":1045,"href":"https:\/\/www.kalax.fi\/index.php?rest_route=\/wp\/v2\/pages\/483\/revisions\/1045"}],"wp:attachment":[{"href":"https:\/\/www.kalax.fi\/index.php?rest_route=%2Fwp%2Fv2%2Fmedia&parent=483"}],"curies":[{"name":"wp","href":"https:\/\/api.w.org\/{rel}","templated":true}]}}