{"id":25,"date":"2022-02-26T16:50:43","date_gmt":"2022-02-26T16:50:43","guid":{"rendered":"https:\/\/dev.kalax.fi\/?page_id=25"},"modified":"2022-06-20T05:19:47","modified_gmt":"2022-06-20T05:19:47","slug":"kalaxforetag","status":"publish","type":"page","link":"https:\/\/www.kalax.fi\/?page_id=25","title":{"rendered":"Kalaxf\u00f6retag"},"content":{"rendered":"<h3>\u00d6ster\u00e5s Entreprenad \u00d6b<\/h3>\n<p>Jordbyggnads- Skogs- Lantbruks- Entreprenader<\/p>\n<p>R\u00e5skogsv\u00e4gen 186<\/p>\n<p>Joachim 040 729 7516<\/p>\n<p>Tommy 0400 36 88 38<\/p>\n<h3><\/h3>\n<h3>Golv 1 \u00d6b<\/h3>\n<p>Joakim Bondfolk<\/p>\n<p>S\u00f6dert\u00e5get 10<\/p>\n<p>050 340 6987<\/p>\n<p>www.golv1.fi<\/p>\n<p>&nbsp;<\/p>\n<h3>Wideroos Infra Ab Oy<\/h3>\n<p>Patrik Wideroos VD \u00a0 050 407 1163<\/p>\n<p>Marcus Wideroos 050 348 6600<\/p>\n<p>www.wideroos.fi<\/p>\n<p>&nbsp;<\/p>\n<h3><\/h3>\n<h3>Entreprenad C. Fred<\/h3>\n<p>Vargholmsv\u00e4gen 92<\/p>\n<p>050 361 4742<\/p>\n<p>&nbsp;<\/p>\n<h3>Oy Barecon Ab<\/h3>\n<p>Ekonomif\u00f6rvaltningstj\u00e4nster<\/p>\n<p>Johhny Backman och Elvira Backman-Gutic<\/p>\n<p>R\u00e5skogsv\u00e4gen 138<\/p>\n<p>040 725 7605<\/p>\n<p>&nbsp;<\/p>\n<h3>Byggtj\u00e4nst M. Enqvist Ab Oy<\/h3>\n<p>Mikael Enqvist<\/p>\n<p>R\u00e5skogsv\u00e4gen 103<\/p>\n<p>040 861 7316<\/p>\n<p>&nbsp;<\/p>\n<h3>Oy Winter Textiles Ab<\/h3>\n<p>Import och agenturverksamhet inom inredning.<\/p>\n<p>Gun Winter<\/p>\n<p>Vargholmsv\u00e4gen 63<\/p>\n<p>0400 56 67 79<\/p>\n<p>&nbsp;<\/p>\n<h3><\/h3>\n<h3><strong>Mokoma<\/strong><\/h3>\n<p>Tolkning och \u00f6vers\u00e4ttning<\/p>\n<p>Tel. 050 3058 019<\/p>\n<p>www.mokoma.fi<\/p>\n<p>fb och Instagram<\/p>\n<p>&nbsp;<\/p>\n<h3><strong>Vattenliv.fi &#8211; Vesiel\u00e4ma.fi<\/strong><\/h3>\n<p>Webbutik som s\u00e4ljer tillbeh\u00f6r till tr\u00e4dg\u00e5rdsdammen: tex dammdukar, filter, pumpar, uv-lampor, vattenv\u00e4xter, n\u00e4ckrosor.<\/p>\n<p>https:\/\/www.vesielama.fi\/sv\/<\/p>\n<p>Anders Hoxell 0500 66 89 50<\/p>\n<p>&nbsp;<\/p>\n<h3><strong>Turnmec<\/strong><\/h3>\n<p>Svarvar, fr\u00e4ser, borrar i metall.<\/p>\n<p>Johan Stenback<\/p>\n<p>Strandv\u00e4gen 348<\/p>\n<p>&nbsp;<\/p>\n<h3><strong>K&amp;D H\u00e4ggqvist AB<\/strong><\/h3>\n<p>Mark- och grundarbeten<\/p>\n<p>R\u00e5skogsv\u00e4gen 86<\/p>\n<p>Dan H\u00e4ggqvist<\/p>\n<p>Tel. 040 0868138<\/p>\n<p>&nbsp;<\/p>\n<h3><strong>F:ma Tommy R\u00f6nng\u00e5rd<\/strong><\/h3>\n<p>Classic Volvo parts dealer.<\/p>\n<p>www.tommyronngard.fi<\/p>\n<p>Tel. 0414699090<\/p>\n<p>&nbsp;<\/p>\n<h3><strong>Gj\u00e4ls Marcus Christoffer<\/strong><\/h3>\n<p>Jord och skogsbruk.<\/p>\n<p>&nbsp;<\/p>\n<h3><strong>Haga G\u00e5rdspackeri<\/strong><\/h3>\n<p>GMO-fria \u00e4gg<\/p>\n<p>Vargholmsv\u00e4gen 144<\/p>\n<p>Tel: 040 827 3037<\/p>\n<p>E-mail: bjorn@haga.fi<\/p>\n<p>www.haga.fi<\/p>\n<p>&nbsp;<\/p>\n<h3><strong>Freds budstj\u00e4nst<\/strong><\/h3>\n<p>P\u00e5litlig budtj\u00e4nst N\u00e4rpes &#8211; Vasa &#8211; Kask\u00f6 &#8211; Kristinestad &#8211; N\u00e4rpes<\/p>\n<p>Freds budtj\u00e4nst, levererar allt fr\u00e5n brev till lastpallar.<\/p>\n<p>Stefan Fred<\/p>\n<p>Vargholmsv\u00e4gen 88<\/p>\n<p>Tel: 040-502 3515<\/p>\n<p>stefan@fredsbud.fi<\/p>\n<p>www.fredsbud.fi<\/p>\n<p>&nbsp;<\/p>\n<h3>Nina L\u00e4hdemaa<\/h3>\n<p>Grafiska tj\u00e4nster &#8211; grafisk planering, ombrytning och bildbehandling.<\/p>\n<p>Tel. +358 50 522 9662<\/p>\n<p>ninalahdemaa.com<\/p>\n","protected":false},"excerpt":{"rendered":"<p>\u00d6ster\u00e5s Entreprenad \u00d6b Jordbyggnads- Skogs- Lantbruks- Entreprenader R\u00e5skogsv\u00e4gen 186 Joachim 040 729 7516 Tommy 0400 36 88 38 Golv 1 \u00d6b Joakim Bondfolk S\u00f6dert\u00e5get 10 050 340 6987 www.golv1.fi &nbsp; Wideroos Infra Ab Oy Patrik Wideroos VD \u00a0 050 407 1163 Marcus Wideroos 050 348 6600 www.wideroos.fi &nbsp; Entreprenad C. Fred Vargholmsv\u00e4gen 92 050 361 [&hellip;]<\/p>\n","protected":false},"author":1,"featured_media":0,"parent":0,"menu_order":0,"comment_status":"closed","ping_status":"closed","template":"","meta":{"footnotes":""},"class_list":["post-25","page","type-page","status-publish","hentry","wpbf-post"],"_links":{"self":[{"href":"https:\/\/www.kalax.fi\/index.php?rest_route=\/wp\/v2\/pages\/25","targetHints":{"allow":["GET"]}}],"collection":[{"href":"https:\/\/www.kalax.fi\/index.php?rest_route=\/wp\/v2\/pages"}],"about":[{"href":"https:\/\/www.kalax.fi\/index.php?rest_route=\/wp\/v2\/types\/page"}],"author":[{"embeddable":true,"href":"https:\/\/www.kalax.fi\/index.php?rest_route=\/wp\/v2\/users\/1"}],"replies":[{"embeddable":true,"href":"https:\/\/www.kalax.fi\/index.php?rest_route=%2Fwp%2Fv2%2Fcomments&post=25"}],"version-history":[{"count":11,"href":"https:\/\/www.kalax.fi\/index.php?rest_route=\/wp\/v2\/pages\/25\/revisions"}],"predecessor-version":[{"id":514,"href":"https:\/\/www.kalax.fi\/index.php?rest_route=\/wp\/v2\/pages\/25\/revisions\/514"}],"wp:attachment":[{"href":"https:\/\/www.kalax.fi\/index.php?rest_route=%2Fwp%2Fv2%2Fmedia&parent=25"}],"curies":[{"name":"wp","href":"https:\/\/api.w.org\/{rel}","templated":true}]}}